 = -3 + 7. Let x(m) = -m**3 - m + r*m**2 - 4*m + 4*m - 3*m + 2. What is x(3)?
-1
Let b(v) = v**3 + 3*v**2 - 5*v - 5. Let c be b(-4). Let l(i) = 5*i**2 - 3*i + 1. Let o(r) = r**3 - r**2 + r - 1. Let z(y) = c*l(y) + o(y). What is z(5)?
-7
Let v(c) be the third derivative of 13*c**5/60 + 7*c**3/3 - c**2. Let y(r) = 7*r**2 + 7. Let x(p) = -6*v(p) + 11*y(p). Calculate x(0).
-7
Let x(m) = -2*m**2 + 0*m**2 - 2*m + 0*m - 3. Suppose 0 = 3*c - 8*c - 10. Give x(c).
-7
Let y be 4/10 + 99/15. Let q(v) = y - 7 - 2*v. Let z = -28 + 30. Determine q(z).
-4
Let w be (57/15 - 3)/(2/(-5)). Let x(s) = s**3 + 0*s**3 - 2*s + s + 1 + 2*s**2. Give x(w).
3
Let m = -5 + 4. Let k be (2 + -2)/(1 - 3). Let j(u) = 2*u + k*u**2 - 3*u**2 - u - 2*u**2. Calculate j(m).
-6
Let s(g) = -g**2 - 4*g + 3. Suppose 0 = -n - 3*n + 8. Let y(l) = 4*l**2 + 15*l - 12. Let j(d) = n*y(d) + 9*s(d). Let u be 15/(-9)*(-1 + 4). What is j(u)?
8
Let f(g) = g - 8. Let d(c) = c - 10. Let x(p) = 2*d(p) - 3*f(p). Determine x(2).
2
Let h(z) = -z**3 + 7*z**2 + 4*z + 3. Let f be (2/(-4))/(2/(-4)). Let a(r) = -r**2 - r - 1. Let x(y) = f*h(y) + 4*a(y). Let n be (-2)/18*3*(-3 + 0). Give x(n).
1
Let c = 24 + -23. Let h(s) = 10*s**2 - s. Calculate h(c).
9
Let k(v) be the first derivative of v**3/3 - 7*v**2/2 - 12*v - 10. Calculate k(9).
6
Let o(z) = -z**3 + 6*z**2 + 7*z + 8. Suppose -f = -2*g - 1, -4*f + g = 3*g - 34. Determine o(f).
8
Let f(o) = -o - 1. Let v(y) = -6*y - 8. Let j(d) = -28*f(d) + 4*v(d). What is j(6)?
20
Let n(c) = 2*c**2 - 4*c + 2. Let u(i) be the third derivative of -i**2 - 5/24*i**4 + 0*i - 1/12*i**5 + 0 + 1/120*i**6 - 1/2*i**3. Let s be u(6). Calculate n(s).
8
Let v(p) be the first derivative of -p**3/3 - 3*p**2 - 3*p - 1. Suppose j - 14 = 4*u - 2*j, j + 7 = -u. Let q be v(u). Let k(b) = -4*b. Calculate k(q).
-8
Let w(k) = -k**2 + k - 7. Suppose c - 5*y + 7 = 0, -8 = -4*c + 2*y - 0. Suppose 0 = 2*n - c*n. Calculate w(n).
-7
Let o = -36 - -16. Let u be (o/(-6) + -2)*3. Let t(q) = q**3 + 3*q**2 - 8*q + 4. Let f(w) = w**3 - w**2 - w - 1. Let c(d) = 2*f(d) - t(d). Give c(u).
2
Let b(n) = -6*n**2 + 3*n**3 + 10*n - 4*n**3 - 4 - 3*n. What is b(-7)?
-4
Let v(a) = a**2 - 4*a - 3. Suppose k + 0 = -2. Let t(r) = 4*r**2 + 4*r - 2. Let p be t(k). Calculate v(p).
9
Let i(o) be the second derivative of 2/3*o**3 - o + 1/12*o**4 + 0 - 5/2*o**2. Calculate i(-4).
-5
Let v(n) = n - 1. Let s(h) = 3*h + 3. Let m(i) = s(i) + 3*v(i). Calculate m(-5).
-30
Let k(o) = 2*o**2 + 6*o - 1. Let c(a) = 3*a**2 + 12*a - 3. Let z(m) = 3*c(m) - 5*k(m). What is z(4)?
4
Let g(y) be the first derivative of 7/2*y**2 - 4 + 2*y + 1/3*y**3. What is g(-5)?
-8
Suppose -7 = 4*a + 9. Let l(x) = 2*x + 25 + 26 - 49. Give l(a).
-6
Let g(d) be the second derivative of -d**5/20 + d**4/6 + d**3/2 - d**2 - 2*d. Suppose -a + 2*a = -2. Let s be (-18)/15*5/a. What is g(s)?
-2
Suppose -5*g - 13 = 2*n, -3*g = n + 3 + 4. Let j(a) = a**3 + 4*a**2 - a + 5. Calculate j(n).
9
Let k(v) be the third derivative of v**5/60 - v**3/3 - 8*v**2. Calculate k(-4).
14
Let x be (-8)/14*(-42)/12. Let q(j) be the first derivative of 0*j + x + 5/3*j**3 + 1/2*j**2. Determine q(-1).
4
Suppose 5*f + y = 74, 4*f - y - 59 = -2*y. Let z = f - 18. Let v(q) = 1 + q + 2*q + 2. Calculate v(z).
-6
Let j(g) = g**2 + 4*g + 2. Let d(y) = -2*y - 12. Let x be d(-10). Let c(r) = r**3 - 9*r**2 + 8*r + 1. Let i be c(x). Suppose -l - 1 - i = 0. Give j(l).
-2
Let n(d) = d**3 - 4*d**2 - 4*d - 7. Suppose 73*b + 20 = 77*b. Calculate n(b).
-2
Let x(q) = 14*q**2 - 16*q**2 + q - 1 + 2. Calculate x(-2).
-9
Let h(o) = o**3 - 5*o**2 + 3*o + 1. Let r be 3/4 - (-234)/72. Determine h(r).
-3
Let a(x) = -7*x**3 - 1 + 1 + 1. Suppose -5*t + 3 = -2. Calculate a(t).
-6
Let r(j) = -j**2 - 5 - 10 + 6 - 4*j + 5. What is r(-4)?
-4
Let m(p) = 1 - 3*p**3 - 1599*p**2 + 4*p**3 + 1596*p**2. Let x be (-9)/(-3) + 0 + 0. Give m(x).
1
Suppose -o = 4*l + 3, 2*o = -2*o - 3*l + 1. Let i = o + 4. Let t(j) = 2*j - 2*j**3 - 8*j + i*j - 1. Determine t(-1).
2
Let k(g) = -g**2 + 4*g - 6. Suppose 0 = -5*p + 5*v + 25, 0 = 3*p - 2*v + 5*v - 9. Determine k(p).
-6
Let a(z) = 3*z**3 + 5*z**2 + 5*z + 8. Let w(d) = d**3 + 2*d**2 + 2*d + 3. Let q(i) = 4*a(i) - 11*w(i). Determine q(-1).
-2
Let n(f) = f**3 - 6*f**2 + 2*f + 1. Let t be 39/9 + (-2)/(-3). Determine n(t).
-14
Let m be 16/(-28) + 32/7 + 0. Let o(t) be the first derivative of -1/2*t**2 - 1/4*t**m + 2*t - 4/3*t**3 + 1. Give o(-4).
6
Let y(u) = -u - 1. Suppose 0 = 3*v + 6, -4*v = 4*c - 2*v + 4. Let q = -5 - c. What is y(q)?
4
Let a(i) = i. Let k(b) = -2*b - 4. Let c(o) = -2*a(o) + k(o). Suppose 2*m + 2*m = -h - 20, 0 = 3*h - 4*m - 4. Let v = h + 1. Determine c(v).
8
Let g(o) = -10*o + 12. Let d(a) = -3*a + 4. Let y(r) = -7*d(r) + 2*g(r). Give y(5).
1
Suppose -2*f = -4*g - 14, f - g = -f + 14. Let w(t) = t - 8. Determine w(f).
-1
Let f(c) = c**2 + 6*c + 7*c**2 + 0*c**2 - 3 - 7*c**2. Calculate f(-5).
-8
Let h(p) be the first derivative of -1 + 2*p - 1/2*p**2. Let f be -1 - 1 - (0 + 1). Give h(f).
5
Suppose 15 = -5*l, j - l - 10 = 4*l. Let m(a) = -3. Let y(b) = -b - 7. Let r be 1/(0 - (-3)/(-15)). Let k(v) = r*m(v) + 3*y(v). What is k(j)?
9
Let z(q) = 4*q + 1. Let g be 12/36 + 14/(-6). What is z(g)?
-7
Let u(l) be the first derivative of -l**5/4 + l**4/6 + l**3/3 + l**2/2 - 3*l + 3. Let w(q) be the first derivative of u(q). Give w(-1).
6
Let o(n) be the first derivative of 13*n**3/3 + n**2/2 - n + 41. Calculate o(1).
13
Let y(w) = 2*w + 1. Let a(h) = h**3 + 5*h**2 + 3*h - 7. Let r be a(-3). Calculate y(r).
5
Let b(i) = -i**3 - 4*i**2 + 6*i + 11. Let s(o) = -o**3 - 4*o**2 + 6*o + 10. Let c(u) = -5*b(u) + 6*s(u). Determine c(-5).
0
Suppose 1 = -3*n + 5*f - 2, 0 = 3*f. Let v(a) = a + 1. Give v(n).
0
Let f(h) = -2*h**2 - 2*h + 7. Let w(a) = -5*a**2 - 2*a + 14. Let b(g) = 7*f(g) - 3*w(g). Determine b(6).
-5
Let m(r) = -6*r**3 - 13*r**2 - 7*r + 7. Let q(f) = -5*f**3 - 12*f**2 - 7*f + 6. Let x = -11 + 15. Let c(n) = x*m(n) - 5*q(n). Calculate c(-7).
-2
Let m(t) = t**3 - 12*t**2 - 29*t + 19. Let b be m(14). Let y(q) = q - 10. Give y(b).
-5
Suppose 2*d - 4*t = -16, 2*d + 0*t + 16 = t. Let x(j) = -j**2 - 8*j - 7. Determine x(d).
-7
Let m(t) be the second derivative of t**3/6 - 7*t**2/2 - 6*t - 4. Give m(-6).
-13
Let x(a) = a + 2. Let q(u) = 4*u + 7. Let l(v) = 2*q(v) - 7*x(v). Let g(m) = -18*m + 2. Let d(r) = g(r) + 12*l(r). Calculate d(-2).
14
Let i(r) = -r + 5. Let g(l) = l - 6. Let f(h) = -6*g(h) - 7*i(h). Calculate f(-2).
-1
Let m be -3*(-6)/(-9) + 3. Let x be (m - 1)*(0 + 1). Let a(y) = -y**3 + y + 1. Let l(f) = 4*f**3 - f**2 - 2*f - 7. Let h(r) = 3*a(r) + l(r). Determine h(x).
-4
Let g(x) = -x**3 + 1. Let p(t) = -5*t**3 - t**2 + t + 6. Let w(j) = 6*g(j) - p(j). Determine w(0).
0
Suppose -4*o - 4*x = -x - 23, 2*o = x - 1. Let j(h) = 4 - o - 3 - 4*h. What is j(1)?
-5
Let f(d) = -d**3 - 9*d**2 - 10*d - 12. Let h be f(-8). Let b = 6 - h. Let v(l) = l**2 + l - 1. What is v(b)?
5
Let q(f) = 1. Let x(l) = l**2 + 2. Let v(y) = -4*q(y) + x(y). Suppose 0 = 2*i - 4*i - 4. Determine v(i).
2
Suppose -4*y = -4*t + 4, 5*t + y - 29 = -2*y. Let m be (-1)/((-3)/(-33 - 0)). Let d(x) = 5*x + 4. Let g(s) = 2*s + 1. Let r(o) = m*g(o) + t*d(o). What is r(4)?
-3
Let v(r) = -r**2 + 3*r - 1. Suppose 0 = 3*q + y - 4, 0*q - 2 = q + 2*y. Suppose -t + 0 = -q. Calculate v(t).
1
Suppose -4*g = k - 0*k - 23, k - 13 = -2*g. Let f(z) = 3*z**2 - 9*z + 1. Let d(h) = 2*h**2 - 5*h. Let x(u) = g*d(u) - 3*f(u). Calculate x(3).
12
Suppose -2*i - i - 2*p = -12, -p = -5*i + 20. Let y(q) = -i + 2 + 3*q + 3*q - 5*q. What is y(-6)?
-8
Suppose -11 = -3*u + 1. Suppose 0 = 2*x - 2*g + 3*g, u*g = 3*x. Let h(z) = -z**2 - z + 9. Let r(m) = 1. Let f(w) = -h(w) + 3*r(w). Give f(x).
-6
Let j(w) = -w - 1. Suppose 28 = 4*z - 11*z. Give j(z).
3
Suppose u + 0*f - 3*f = 0, -5*f = 4*u. Let k(y) = -y - 5. What is k(u)?
-5
Let k be 3/((-3)/(-2)) + -2. Let p(t) be the third derivative of -13/6*t**3 + 1/120*t**6 - 4*t**2 + 0*t**5 + 0*t + k - 1/24*t**4. What is p(0)?
-13
Suppose 0 = k - 6*k + 10. Let f be 3 - (-1 - (-2)/k). Let i(w) = 2 - 1 - 2*w + 3 - 6. Determine i(f).
-8
Let j(z) = -4*z + 3. Let p(s) = -4*s + 23. Let u be p(5). Give j(u).
-9
Let l(n) = -2*n**2 - 2*n + 2. Suppose -c = -4*y + 9, 3*y + 0*y - c = 7. Determine l(y).
-10
Let i(o) be 